 the remainder when 24286 is divided by 1850.
236
What is the remainder when 121010 is divided by 1723?
400
What is the remainder when 447873 is divided by 754?
751
Calculate the remainder when 2450150 is divided by 2449880.
270
What is the remainder when 38495 is divided by 9526?
391
What is the remainder when 463897 is divided by 42?
7
What is the remainder when 70782180 is divided by 19?
17
What is the remainder when 26125108 is divided by 21?
16
What is the remainder when 11299816 is divided by 10?
6
What is the remainder when 353713 is divided by 754?
87
Calculate the remainder when 94007 is divided by 3117.
497
Calculate the remainder when 3325070 is divided by 458.
448
What is the remainder when 25234123 is divided by 375?
373
What is the remainder when 2800380 is divided by 4431?
4419
What is the remainder when 25134038 is divided by 17?
14
What is the remainder when 2410329 is divided by 160687?
24
Calculate the remainder when 103242521 is divided by 324662.
5
What is the remainder when 4542993 is divided by 704?
81
What is the remainder when 957174 is divided by 9668?
42
What is the remainder when 374736 is divided by 187363?
10
What is the remainder when 3494 is divided by 846?
110
What is the remainder when 1568001 is divided by 366?
57
What is the remainder when 255030 is divided by 563?
554
What is the remainder when 3912281 is divided by 880?
681
Calculate the remainder when 263219 is divided by 38.
31
Calculate the remainder when 15226 is divided by 2165.
71
Calculate the remainder when 2649494 is divided by 143.
133
Calculate the remainder when 3873190 is divided by 4689.
76
What is the remainder when 1832440 is divided by 24?
16
What is the remainder when 6726317 is divided by 20?
17
What is the remainder when 14757984 is divided by 790?
784
Calculate the remainder when 2334445 is divided by 2105.
0
What is the remainder when 5883746 is divided by 326866?
158
Calculate the remainder when 58956696 is divided by 694.
8
Calculate the remainder when 51341313 is divided by 25670652.
9
What is the remainder when 27668057 is divided by 1206?
5
Calculate the remainder when 17267732 is divided by 604.
580
What is the remainder when 189835 is divided by 23506?
1787
Calculate the remainder when 153461 is divided by 73.
15
Calculate the remainder when 109874 is divided by 336.
2
Calculate the remainder when 433870 is divided by 153.
115
Calculate the remainder when 19034541 is divided by 1278.
9
Calculate the remainder when 12564550 is divided by 50.
0
What is the remainder when 3318959 is divided by 242?
171
Calculate the remainder when 1517948 is divided by 6324.
188
Calculate the remainder when 3283433 is divided by 164.
153
What is the remainder when 13647 is divided by 1904?
319
What is the remainder when 312744 is divided by 2482?
12
Calculate the remainder when 1920765 is divided by 598.
587
Calculate the remainder when 13439925 is divided by 2687957.
140
What is the remainder when 41181429 is divided by 3743766?
3
Calculate the remainder when 1192594 is divided by 119115.
1444
What is the remainder when 90741 is divided by 90409?
332
Calculate the remainder when 2940 is divided by 1166.
608
What is the remainder when 81349 is divided by 1197?
1150
Calculate the remainder when 1973735 is divided by 12183.
89
Calculate the remainder when 183052 is divided by 90553.
1946
Calculate the remainder when 79787501 is divided by 206.
199
What is the remainder when 1142597 is divided by 570?
317
What is the remainder when 867615 is divided by 148?
39
What is the remainder when 654966 is divided by 218220?
306
What is the remainder when 7665732 is divided by 4593?
15
Calculate the remainder when 54581 is divided by 650.
631
What is the remainder when 9865375 is divided by 830?
825
Calculate the remainder when 182018 is divided by 275.
243
Calculate the remainder when 480904 is divided by 32.
8
Calculate the remainder when 162292 is divided by 563.
148
Calculate the remainder when 2099642 is divided by 262.
236
Calculate the remainder when 1221524 is divided by 1983.
1979
What is the remainder when 561126 is divided by 441?
174
What is the remainder when 12700982 is divided by 7816?
7798
Calculate the remainder when 9278 is divided by 401.
55
Calculate the remainder when 9703126 is divided by 25.
1
What is the remainder when 14145 is divided by 6692?
761
What is the remainder when 4597372 is divided by 283?
37
What is the remainder when 60362 is divided by 554?
530
Calculate the remainder when 5845824 is divided by 326.
318
What is the remainder when 156831 is divided by 5595?
171
Calculate the remainder when 307398 is divided by 3615.
123
Calculate the remainder when 1002495 is divided by 44.
43
What is the remainder when 1414796 is divided by 22418?
2462
Calculate the remainder when 1699329 is divided by 172.
141
Calculate the remainder when 621011 is divided by 481.
40
What is the remainder when 394399 is divided by 425?
424
Calculate the remainder when 265544 is divided by 18967.
6
Calculate the remainder when 90371436 is divided by 1037.
1034
Calculate the remainder when 196962 is divided by 303.
12
What is the remainder when 1498717 is divided by 967?
834
Calculate the remainder when 924136499 is divided by 1132.
1131
What is the remainder when 3690 is divided by 1183?
141
What is the remainder when 143107 is divided by 130?
107
Calculate the remainder when 23842 is divided by 5834.
506
What is the remainder when 2049092 is divided by 26953?
664
Calculate the remainder when 10657364 is divided by 3552449.
17
Calculate the remainder when 13830118 is divided by 396.
214
Calculate the remainder when 15044 is divided by 938.
36
What is the remainder when 40857 is divided by 20334?
189
Calculate the remainder when 322988 is divided by 950.
938
Calculate the remainder when 7072258 is divided by 168387.
4
Calculate the remainder when 107812 is divided by 250.
62
What is the remainder when 36851 is divided by 9201?
47
Calculate the remainder when 31665 is divided by 10534.
63
Calculate the remainder when 167546 is divided by 2093.
106
What is the remainder when 64018 is divided by 27479?
9060
Calculate the remainder when 182787 is divided by 7928.
443
What is the remainder when 7105 is divided by 2103?
796
What is the remainder when 58260269 is divided by 19420057?
98
Calculate the remainder when 90845 is divided by 2929.
46
What is the remainder when 55085 is divided by 31?
29
Calculate the remainder when 1318787 is divided by 439578.
53
Calculate the remainder when 7026610 is divided by 447.
217
What is the remainder when 5036298 is divided by 1855?
1828
Calculate the remainder when 2344873 is divided by 101887.
1472
What is the remainder when 92032062 is divided by 20?
2
What is the remainder when 260837271 is divided by 1895?
1891
Calculate the remainder when 4900587 is divided by 592.
11
Calculate the remainder when 961722 is divided by 1613.
374
Calculate the remainder when 283965 is divided by 3511.
3085
Calculate the remainder when 153446787 is divided by 844.
835
Calculate the remainder when 15070537 is divided by 184.
17
What is the remainder when 182375 is divided by 331?
325
What is the remainder when 642404129 is divided by 15?
14
What is the remainder when 31637 is divided by 29526?
2111
Calculate the remainder when 20928332 is divided by 1144.
1140
What is the remainder when 33872995 is divided by 69?
67
Calculate the remainder when 93485 is divided by 2278.
87
Calculate the remainder when 12810058 is divided by 10.
8
What is the remainder when 2485034 is divided by 5344?
74
What is the remainder when 24232 is divided by 20?
12
What is the remainder when 17011501 is divided by 9347?
9308
Calculate the remainder when 273540 is divided by 1706.
580
What is the remainder when 595317 is divided by 297642?
33
Calculate the remainder when 24154 is divided by 814.
548
Calculate the remainder when 4114 is divided by 3764.
350
What is the remainder when 704559 is divided by 352185?
189
What is the remainder when 28755289 is divided by 28755277?
12
What is the remainder when 3336572 is divided by 161?
8
What is the remainder when 27639292 is divided by 100?
92
Calculate the remainder when 806726 is divided by 806707.
19
Calculate the 